{"id":19,"date":"2022-06-21T14:56:23","date_gmt":"2022-06-21T12:56:23","guid":{"rendered":"http:\/\/msp.web-en-royans.fr\/?page_id=8"},"modified":"2024-07-23T10:14:20","modified_gmt":"2024-07-23T08:14:20","slug":"numeros-utiles-nous-contacter","status":"publish","type":"page","link":"https:\/\/msp-pont-en-royans.fr\/index.php\/numeros-utiles-nous-contacter\/","title":{"rendered":"Nous contacter"},"content":{"rendered":"\n<h2 class=\"wp-block-heading\">M\u00e9decin g\u00e9n\u00e9ralistes<\/h2>\n\n\n\n<ul class=\"wp-block-list\">\n<li>Dr Daisy Mandon Roum\u00e9as<\/li>\n\n\n\n<li>Dr Mathilde Ravachol<\/li>\n\n\n\n<li>Dr Creusot Pauline<\/li>\n\n\n\n<li>Dr Mathieu H\u00e9l\u00e8ne<\/li>\n<\/ul>\n\n\n\n<p><strong>Secr\u00e9tariat: 04.82.62.95.10 <\/strong><\/p>\n\n\n\n<p>Le secr\u00e9tariat est ouvert du lundi au vendredi sauf jours f\u00e9ri\u00e9s, de 8h30 \u00e0 13h30, vous pouvez d\u00e9sormais prendre RDV en ligne sur: <a href=\"https:\/\/www.maiia.com\/medecin-generaliste\/38680-PONT-EN-ROYANS\">https:\/\/www.maiia.com\/medecin-generaliste\/38680-PONT-EN-ROYANS<\/a>, le r\u00e9pondeur ne prend pas de messages.<\/p>\n\n\n\n<h2 class=\"wp-block-heading\">Di\u00e9t\u00e9ticienne<\/h2>\n\n\n\n<ul class=\"wp-block-list\">\n<li>Amandine Perrot: <strong>06.52.11.88.58<\/strong><\/li>\n<\/ul>\n\n\n\n<p>Consultations \u00e0 la Maison de Sant\u00e9 de Pont en Royans + \u00e0 domicile \u00e0 Vinay<\/p>\n\n\n\n<p>Site web: <a href=\"http:\/\/www.amandineperrot.com\">http:\/\/www.amandineperrot.com<\/a><\/p>\n\n\n\n<p>Instagram: <a href=\"http:\/\/www.instagram.com\/amandineperrot_\/\">http:\/\/www.instagram.com\/amandineperrot_\/<\/a><\/p>\n\n\n\n<p>Facebook: <a href=\"http:\/\/www;facebook.com\/amandineperrot.comm\">http:\/\/www;facebook.com\/amandineperrot.comm<\/a><\/p>\n\n\n\n<h2 class=\"wp-block-heading\">Ost\u00e9opathe<\/h2>\n\n\n\n<ul class=\"wp-block-list\">\n<li>C\u00e9lian Servagent: <strong>06.67.63.32.53<\/strong><\/li>\n<\/ul>\n\n\n\n<p>Doctolib: <a href=\"https:\/\/www.doctolib.fr\/osteopathe\/levallois-perret\/celian-servagent\">https:\/\/www.doctolib.fr\/osteopathe\/levallois-perret\/celian-servagent<\/a><\/p>\n\n\n\n<h2 class=\"wp-block-heading\">Orthophoniste<\/h2>\n\n\n\n<ul class=\"wp-block-list\">\n<li>Claire Charvet: <strong>06.29.31.66.68<\/strong><\/li>\n<\/ul>\n\n\n\n<h2 class=\"wp-block-heading\">Infirmier(e)s<\/h2>\n\n\n\n<p>Permanence au cabinet du lundi au vendredi sauf jour f\u00e9ri\u00e9, sans RDV<\/p>\n\n\n\n<p><strong>Juillet et Ao\u00fbt sur rendez-vous<\/strong><\/p>\n\n\n\n<p>Saint Just de Claix (place du 19 mars) de 8H \u00e0 8H30<\/p>\n\n\n\n<p>Pont en Royans (Maison de sant\u00e9) de 8H \u00e0 8H45<\/p>\n\n\n\n<p>Possibilit\u00e9 de soins au cabinet &nbsp;sur rendez-vous \u00e0 d\u2019autres horaires.<\/p>\n\n\n\n<p>Intervention \u00e0 domicile sur les secteurs de Saint Just de Claix, Saint Andr\u00e9 en Royans, Auberives en Royans, Pont en Royans, Sainte Eulalie en Royans, La Balme de Rencurel, Choranche, Rencurel, Chatelus.<\/p>\n\n\n\n<p>Presles exceptionnellement (secteur de Saint Marcellin)<\/p>\n\n\n\n<ul class=\"wp-block-list\">\n<li><strong>T\u00e9l\u00e9phone : 04.76.36.03.68<\/strong><\/li>\n<\/ul>\n\n\n\n<h2 class=\"wp-block-heading\">Psychomotricienne<\/h2>\n\n\n\n<ul class=\"wp-block-list\">\n<li>Ang\u00e9lique Hugot: <strong>07.62.44.92.32<\/strong><\/li>\n\n\n\n<li>Annelyse Mansuy: <strong>06.66.36.00.54<\/strong><\/li>\n<\/ul>\n\n\n\n<p>Mail commun :&nbsp;<a rel=\"noreferrer noopener\" href=\"mailto:psychomot-royans@riseup.net\" target=\"_blank\">psychomot-royans@riseup.net<\/a><\/p>\n\n\n\n<p>Site web: <a href=\"https:\/\/psychomotricien-royans.jimdosite.com\/\">https:\/\/psychomotricien-royans.jimdosite.com\/<\/a><br><\/p>\n\n\n\n<h2 class=\"wp-block-heading\">Infirmi\u00e8re ASALEE<\/h2>\n\n\n\n<ul class=\"wp-block-list\">\n<li>Audrey Fregny: <strong>07.54.35.79.15 <\/strong><\/li>\n<\/ul>\n\n\n\n<p>Mail: <a href=\"afm.asalee@gmail.com\">afm.asalee@gmail.com<\/a><\/p>\n\n\n\n<h2 class=\"wp-block-heading\">Kin\u00e9sith\u00e9rapeutes<\/h2>\n\n\n\n<ul class=\"wp-block-list\">\n<li>Bethoux Perrine<\/li>\n\n\n\n<li>Braud Louise<\/li>\n\n\n\n<li>Boglietti Manon<\/li>\n<\/ul>\n\n\n\n<p>T\u00e9l: <strong>07.52.07.99.98.<\/strong> Soins sur RDV <\/p>\n\n\n\n<p>Mail: <a href=\"perrineberthoux@gmail.com\">perrineberthoux@gmail.com<\/a><\/p>\n\n\n\n<h2 class=\"wp-block-heading\">Psychologue<\/h2>\n\n\n\n<ul class=\"wp-block-list\">\n<li>Manent Fabienne: <strong>06.23.41.42.07<\/strong><\/li>\n<\/ul>\n\n\n\n<p><\/p>\n\n\n\n<h2 class=\"wp-block-heading\">Pharmacie de St Romans <\/h2>\n\n\n\n<p><\/p>\n\n\n\n<p>Place du lavoir, 38160 St Romans<\/p>\n\n\n\n<p>T\u00e9l: <strong>04.76.64.02.01<\/strong><\/p>\n\n\n\n<p>Fax: <strong>04.76.38.86.61<\/strong><\/p>\n\n\n\n<p>Mail:&nbsp;<a rel=\"noreferrer noopener\" href=\"mailto:pharmacie.du.lavoir@offisecure.com\" target=\"_blank\">pharmacie.du.lavoir@offisecure.com<\/a><\/p>\n\n\n\n<p>Site internet:&nbsp;<a rel=\"noreferrer noopener\" href=\"http:\/\/pharmaciedulavoir.fr\/\" target=\"_blank\">pharmaciedulavoir.fr<\/a><\/p>\n\n\n\n<h3 class=\"wp-block-heading\"><strong>Num\u00e9ro de la pharmacie de garde du secteur&nbsp;: 04.75.48.18.63<\/strong><\/h3>\n\n\n\n<h3 class=\"wp-block-heading\"><strong>SAMU: Composez le 15<\/strong><\/h3>\n\n\n\n<h3 class=\"wp-block-heading\"><strong>POMPIERS: Composez le 18<\/strong><\/h3>\n\n\n\n<h3 class=\"wp-block-heading\"><strong>POLICE: Composez le 17<\/strong><\/h3>\n\n\n\n<p><\/p>\n\n\n\n<p><\/p>\n\n\n\n<h2 class=\"wp-block-heading\">Autres intervenants:<\/h2>\n\n\n\n<ul class=\"wp-block-list\">\n<li><strong>CAMPING-CAR,<\/strong> <strong>EN ROUTE VERS LA SANTE<\/strong>: Ce dispositif d&rsquo;accueil, d&rsquo;\u00e9coute et d&rsquo;information vise \u00e0 faciliter <strong>l&rsquo;acc\u00e8s aux droits et aux soins<\/strong>. Il s&rsquo;adresse aux habitants du territoire \u00e2g\u00e9s de 11 \u00e0 30 ans. L&rsquo;\u00e9quipe pr\u00e9sente lors des itin\u00e9rances est compos\u00e9e d&rsquo;une psychologue et d&rsquo;une travailleuse sociale. Anonyme, confidentiel &amp; gratuit, avec ou sans RDV. Contact et information de l&rsquo;\u00e9quipe mobile: <strong>07.64.56.23.58<\/strong> ou \u00e0 la Maison Intercommunale des Familles: <strong>04.56.33.30.20<\/strong>,  <a href=\"http:\/\/www.saintmarcellin-vercors-isere.fr\">http:\/\/www.saintmarcellin-vercors-isere.fr<\/a><\/li>\n<\/ul>\n\n\n\n<ul class=\"wp-block-list\">\n<li><strong>POINT VIRGULE<\/strong>: Point-Virgule met en place des rendez-vous &amp; ateliers d\u2019\u00e9changes de pratiques visant \u00e0 favoriser les discussions autour des <strong>conduites addictives<\/strong>, afin d\u2019optimiser la prise en charge la plus pr\u00e9coce possible des usagers en difficult\u00e9s avec leurs comportements. Vous serez accueillis par une psychologue et\/ou une conseill\u00e8re en \u00e9conomie sociale et familiale de mani\u00e8re anonyme ou en ateliers. RDV au <strong>04.76.17.21.21<\/strong>, pr\u00e9cisez bien que vous voulez \u00eatre re\u00e7u \u00e0 Pont en Royans !<\/li>\n<\/ul>\n\n\n\n<p class=\"has-text-align-center has-large-font-size\">Maison De Sant\u00e9<\/p>\n\n\n\n<p class=\"has-text-align-center has-large-font-size\">15 rue Du 19 Mars 1962<\/p>\n\n\n\n<p class=\"has-text-align-center has-large-font-size\">Pont-en-Royans<\/p>\n\n\n\n<p><\/p>\n\n\n\n<p><\/p>\n\n\n\n<p>Ouvert du lundi au vendredi (sauf jours f\u00e9ri\u00e9s), de 8h30 \u00e0 18h00 &amp; le samedi sur RDV (infirmier(e)s\/ ost\u00e9opathe) <\/p>\n\n\n\n<p>Parking sous le b\u00e2timent, et places minutes dans la rue du 19 mars 1962<\/p>\n\n\n\n<p>Accessible au PMR <\/p>\n\n\n\n<p>Ascenseur <\/p>\n\n\n\t\t<div id=\"wpmapblock_5ccdface\" data-settings='{&quot;map_marker&quot;:[{&quot;lat&quot;:&quot;45.063477&quot;,&quot;lng&quot;:&quot;5.339184&quot;,&quot;title&quot;:&quot;Maison de Sant\\u00e9 de Pont-en-royans&quot;,&quot;content&quot;:&quot;&quot;,&quot;iconType&quot;:&quot;default&quot;,&quot;customIconUrl&quot;:&quot;&quot;,&quot;customIconWidth&quot;:&quot;25&quot;,&quot;customIconHeight&quot;:&quot;40&quot;}],&quot;map_zoom&quot;:&quot;16&quot;,&quot;scroll_wheel_zoom&quot;:false,&quot;map_type&quot;:&quot;GM&quot;,&quot;center_index&quot;:0}' class=\"wpmapblockrender\" style=\"\n\t\t\twidth: 100%;\n\t\t\theight: 500px;\n\t\t\"><\/div>\n        \n\n\n<p><\/p>\n","protected":false},"excerpt":{"rendered":"<p>M\u00e9decin g\u00e9n\u00e9ralistes Secr\u00e9tariat: 04.82.62.95.10 Le secr\u00e9tariat est ouvert du lundi au vendredi sauf jours f\u00e9ri\u00e9s, de 8h30 \u00e0 13h30, vous pouvez d\u00e9sormais prendre RDV en ligne sur: https:\/\/www.maiia.com\/medecin-generaliste\/38680-PONT-EN-ROYANS, le r\u00e9pondeur ne prend pas de messages. Di\u00e9t\u00e9ticienne Consultations \u00e0 la Maison de Sant\u00e9 de Pont en Royans + \u00e0 domicile \u00e0 Vinay Site web: http:\/\/www.amandineperrot.com Instagram: [&hellip;]<\/p>\n","protected":false},"author":1,"featured_media":111,"parent":0,"menu_order":0,"comment_status":"closed","ping_status":"closed","template":"","meta":{"om_disable_all_campaigns":false,"_monsterinsights_skip_tracking":false,"_monsterinsights_sitenote_active":false,"_monsterinsights_sitenote_note":"","_monsterinsights_sitenote_category":0,"footnotes":""},"class_list":["post-19","page","type-page","status-publish","has-post-thumbnail","czr-hentry"],"aioseo_notices":[],"_links":{"self":[{"href":"https:\/\/msp-pont-en-royans.fr\/index.php\/wp-json\/wp\/v2\/pages\/19","targetHints":{"allow":["GET"]}}],"collection":[{"href":"https:\/\/msp-pont-en-royans.fr\/index.php\/wp-json\/wp\/v2\/pages"}],"about":[{"href":"https:\/\/msp-pont-en-royans.fr\/index.php\/wp-json\/wp\/v2\/types\/page"}],"author":[{"embeddable":true,"href":"https:\/\/msp-pont-en-royans.fr\/index.php\/wp-json\/wp\/v2\/users\/1"}],"replies":[{"embeddable":true,"href":"https:\/\/msp-pont-en-royans.fr\/index.php\/wp-json\/wp\/v2\/comments?post=19"}],"version-history":[{"count":20,"href":"https:\/\/msp-pont-en-royans.fr\/index.php\/wp-json\/wp\/v2\/pages\/19\/revisions"}],"predecessor-version":[{"id":574,"href":"https:\/\/msp-pont-en-royans.fr\/index.php\/wp-json\/wp\/v2\/pages\/19\/revisions\/574"}],"wp:featuredmedia":[{"embeddable":true,"href":"https:\/\/msp-pont-en-royans.fr\/index.php\/wp-json\/wp\/v2\/media\/111"}],"wp:attachment":[{"href":"https:\/\/msp-pont-en-royans.fr\/index.php\/wp-json\/wp\/v2\/media?parent=19"}],"curies":[{"name":"wp","href":"https:\/\/api.w.org\/{rel}","templated":true}]}}

<h2 class="wp-block-heading">Médecin généralistes</h2>



<ul class="wp-block-list">
<li>Dr Daisy Mandon Rouméas</li>



<li>Dr Mathilde Ravachol</li>



<li>Dr Creusot Pauline</li>



<li>Dr Mathieu Hélène</li>
</ul>



<p><strong>Secrétariat: 04.82.62.95.10 </strong></p>



<p>Le secrétariat est ouvert du lundi au vendredi sauf jours fériés, de 8h30 à 13h30, vous pouvez désormais prendre RDV en ligne sur: <a href="https://www.maiia.com/medecin-generaliste/38680-PONT-EN-ROYANS">https://www.maiia.com/medecin-generaliste/38680-PONT-EN-ROYANS</a>, le répondeur ne prend pas de messages.</p>



<h2 class="wp-block-heading">Diététicienne</h2>



<ul class="wp-block-list">
<li>Amandine Perrot: <strong>06.52.11.88.58</strong></li>
</ul>



<p>Consultations à la Maison de Santé de Pont en Royans + à domicile à Vinay</p>



<p>Site web: <a href="http://www.amandineperrot.com">http://www.amandineperrot.com</a></p>



<p>Instagram: <a href="http://www.instagram.com/amandineperrot_/">http://www.instagram.com/amandineperrot_/</a></p>



<p>Facebook: <a href="http://www;facebook.com/amandineperrot.comm">http://www;facebook.com/amandineperrot.comm</a></p>



<h2 class="wp-block-heading">Ostéopathe</h2>



<ul class="wp-block-list">
<li>Célian Servagent: <strong>06.67.63.32.53</strong></li>
</ul>



<p>Doctolib: <a href="https://www.doctolib.fr/osteopathe/levallois-perret/celian-servagent">https://www.doctolib.fr/osteopathe/levallois-perret/celian-servagent</a></p>



<h2 class="wp-block-heading">Orthophoniste</h2>



<ul class="wp-block-list">
<li>Claire Charvet: <strong>06.29.31.66.68</strong></li>
</ul>



<h2 class="wp-block-heading">Infirmier(e)s</h2>



<p>Permanence au cabinet du lundi au vendredi sauf jour férié, sans RDV</p>



<p><strong>Juillet et Août sur rendez-vous</strong></p>



<p>Saint Just de Claix (place du 19 mars) de 8H à 8H30</p>



<p>Pont en Royans (Maison de santé) de 8H à 8H45</p>



<p>Possibilité de soins au cabinet &nbsp;sur rendez-vous à d’autres horaires.</p>



<p>Intervention à domicile sur les secteurs de Saint Just de Claix, Saint André en Royans, Auberives en Royans, Pont en Royans, Sainte Eulalie en Royans, La Balme de Rencurel, Choranche, Rencurel, Chatelus.</p>



<p>Presles exceptionnellement (secteur de Saint Marcellin)</p>



<ul class="wp-block-list">
<li><strong>Téléphone : 04.76.36.03.68</strong></li>
</ul>



<h2 class="wp-block-heading">Psychomotricienne</h2>



<ul class="wp-block-list">
<li>Angélique Hugot: <strong>07.62.44.92.32</strong></li>



<li>Annelyse Mansuy: <strong>06.66.36.00.54</strong></li>
</ul>



<p>Mail commun :&nbsp;<a rel="noreferrer noopener" href="mailto:psychomot-royans@riseup.net" target="_blank">psychomot-royans@riseup.net</a></p>



<p>Site web: <a href="https://psychomotricien-royans.jimdosite.com/">https://psychomotricien-royans.jimdosite.com/</a><br></p>



<h2 class="wp-block-heading">Infirmière ASALEE</h2>



<ul class="wp-block-list">
<li>Audrey Fregny: <strong>07.54.35.79.15 </strong></li>
</ul>



<p>Mail: <a href="afm.asalee@gmail.com">afm.asalee@gmail.com</a></p>



<h2 class="wp-block-heading">Kinésithérapeutes</h2>



<ul class="wp-block-list">
<li>Bethoux Perrine</li>



<li>Braud Louise</li>



<li>Boglietti Manon</li>
</ul>



<p>Tél: <strong>07.52.07.99.98.</strong> Soins sur RDV </p>



<p>Mail: <a href="perrineberthoux@gmail.com">perrineberthoux@gmail.com</a></p>



<h2 class="wp-block-heading">Psychologue</h2>



<ul class="wp-block-list">
<li>Manent Fabienne: <strong>06.23.41.42.07</strong></li>
</ul>



<p></p>



<h2 class="wp-block-heading">Pharmacie de St Romans </h2>



<p></p>



<p>Place du lavoir, 38160 St Romans</p>



<p>Tél: <strong>04.76.64.02.01</strong></p>



<p>Fax: <strong>04.76.38.86.61</strong></p>



<p>Mail:&nbsp;<a rel="noreferrer noopener" href="mailto:pharmacie.du.lavoir@offisecure.com" target="_blank">pharmacie.du.lavoir@offisecure.com</a></p>



<p>Site internet:&nbsp;<a rel="noreferrer noopener" href="http://pharmaciedulavoir.fr/" target="_blank">pharmaciedulavoir.fr</a></p>



<h3 class="wp-block-heading"><strong>Numéro de la pharmacie de garde du secteur&nbsp;: 04.75.48.18.63</strong></h3>



<h3 class="wp-block-heading"><strong>SAMU: Composez le 15</strong></h3>



<h3 class="wp-block-heading"><strong>POMPIERS: Composez le 18</strong></h3>



<h3 class="wp-block-heading"><strong>POLICE: Composez le 17</strong></h3>



<p></p>



<p></p>



<h2 class="wp-block-heading">Autres intervenants:</h2>



<ul class="wp-block-list">
<li><strong>CAMPING-CAR,</strong> <strong>EN ROUTE VERS LA SANTE</strong>: Ce dispositif d&rsquo;accueil, d&rsquo;écoute et d&rsquo;information vise à faciliter <strong>l&rsquo;accès aux droits et aux soins</strong>. Il s&rsquo;adresse aux habitants du territoire âgés de 11 à 30 ans. L&rsquo;équipe présente lors des itinérances est composée d&rsquo;une psychologue et d&rsquo;une travailleuse sociale. Anonyme, confidentiel &amp; gratuit, avec ou sans RDV. Contact et information de l&rsquo;équipe mobile: <strong>07.64.56.23.58</strong> ou à la Maison Intercommunale des Familles: <strong>04.56.33.30.20</strong>,  <a href="http://www.saintmarcellin-vercors-isere.fr">http://www.saintmarcellin-vercors-isere.fr</a></li>
</ul>



<ul class="wp-block-list">
<li><strong>POINT VIRGULE</strong>: Point-Virgule met en place des rendez-vous &amp; ateliers d’échanges de pratiques visant à favoriser les discussions autour des <strong>conduites addictives</strong>, afin d’optimiser la prise en charge la plus précoce possible des usagers en difficultés avec leurs comportements. Vous serez accueillis par une psychologue et/ou une conseillère en économie sociale et familiale de manière anonyme ou en ateliers. RDV au <strong>04.76.17.21.21</strong>, précisez bien que vous voulez être reçu à Pont en Royans !</li>
</ul>



<p class="has-text-align-center has-large-font-size">Maison De Santé</p>



<p class="has-text-align-center has-large-font-size">15 rue Du 19 Mars 1962</p>



<p class="has-text-align-center has-large-font-size">Pont-en-Royans</p>



<p></p>



<p></p>



<p>Ouvert du lundi au vendredi (sauf jours fériés), de 8h30 à 18h00 &amp; le samedi sur RDV (infirmier(e)s/ ostéopathe) </p>



<p>Parking sous le bâtiment, et places minutes dans la rue du 19 mars 1962</p>



<p>Accessible au PMR </p>



<p>Ascenseur </p>


		<div id="wpmapblock_5ccdface" data-settings='{&quot;map_marker&quot;:[{&quot;lat&quot;:&quot;45.063477&quot;,&quot;lng&quot;:&quot;5.339184&quot;,&quot;title&quot;:&quot;Maison de Sant\u00e9 de Pont-en-royans&quot;,&quot;content&quot;:&quot;&quot;,&quot;iconType&quot;:&quot;default&quot;,&quot;customIconUrl&quot;:&quot;&quot;,&quot;customIconWidth&quot;:&quot;25&quot;,&quot;customIconHeight&quot;:&quot;40&quot;}],&quot;map_zoom&quot;:&quot;16&quot;,&quot;scroll_wheel_zoom&quot;:false,&quot;map_type&quot;:&quot;GM&quot;,&quot;center_index&quot;:0}' class="wpmapblockrender" style="
			width: 100%;
			height: 500px;
		"></div>
        


<p></p>

<p>Médecin généralistes Secrétariat: 04.82.62.95.10 Le secrétariat est ouvert du lundi au vendredi sauf jours fériés, de 8h30 à 13h30, vous pouvez désormais prendre RDV en ligne sur: https://www.maiia.com/medecin-generaliste/38680-PONT-EN-ROYANS, le répondeur ne prend pas de messages. Diététicienne Consultations à la Maison de Santé de Pont en Royans + à domicile à Vinay Site web: http://www.amandineperrot.com Instagram: [&hellip;]</p>
