{"id":213,"date":"2022-10-20T09:50:28","date_gmt":"2022-10-20T07:50:28","guid":{"rendered":"http:\/\/msp-pont-en-royans.fr\/?page_id=213"},"modified":"2026-03-03T10:28:08","modified_gmt":"2026-03-03T09:28:08","slug":"actualites","status":"publish","type":"page","link":"https:\/\/msp-pont-en-royans.fr\/index.php\/actualites\/","title":{"rendered":"Actualit\u00e9s"},"content":{"rendered":"\n<p><img decoding=\"async\" alt=\"\ud83d\udce2\" src=\"https:\/\/fonts.gstatic.com\/s\/e\/notoemoji\/17.0\/1f4e2\/32.png\">&nbsp;<strong>S\u00e9ance Cin\u00e9 Relax \u2013 Dimanche 15 mars \u00e0 14h00<\/strong>&nbsp;<img decoding=\"async\" alt=\"\ud83c\udfac\" src=\"https:\/\/fonts.gstatic.com\/s\/e\/notoemoji\/17.0\/1f3ac\/32.png\"><\/p>\n\n\n\n<p>Nous avons le plaisir de vous informer de la prochaine s\u00e9ance Cin\u00e9 Relax avec la projection du film d\u2019animation&nbsp;<strong>\u00ab JUMPERS \u00bb<\/strong>.<\/p>\n\n\n\n<p>Les s\u00e9ances Cin\u00e9 Relax sont ouvertes \u00e0 tous et pens\u00e9es pour accueillir des spectateurs dont le handicap peut entra\u00eener des comportements atypiques, dans un cadre bienveillant et inclusif.&nbsp;<img decoding=\"async\" alt=\"\ud83d\udc65\" src=\"https:\/\/fonts.gstatic.com\/s\/e\/notoemoji\/17.0\/1f465\/32.png\"><img decoding=\"async\" alt=\"\ud83d\udc99\" src=\"https:\/\/fonts.gstatic.com\/s\/e\/notoemoji\/17.0\/1f499\/32.png\"><\/p>\n\n\n\n<p><img decoding=\"async\" alt=\"\ud83c\udf9f\ufe0f\" src=\"https:\/\/fonts.gstatic.com\/s\/e\/notoemoji\/17.0\/1f39f_fe0f\/32.png\">&nbsp;<em>Les places ne sont pas r\u00e9servables \u00e0 l\u2019avance<\/em>, sauf en cas de besoin sp\u00e9cifique, notamment pour la pr\u00e9paration d\u2019un emplacement destin\u00e9 \u00e0 un fauteuil roulant.<\/p>\n\n\n\n<p>N\u2019h\u00e9sitez pas \u00e0 diffuser l\u2019information autour de vous !<\/p>\n\n\n\n<p>Pour toute question ou besoin particulier, contactez-nous \u00e0 :&nbsp;<a href=\"mailto:clsm@smvic.fr\" target=\"_blank\" rel=\"noreferrer noopener\">clsm@smvic.fr<\/a><\/p>\n\n\n\n<p>Merci beaucoup !&nbsp;<img decoding=\"async\" alt=\"\ud83d\ude0a\" src=\"https:\/\/fonts.gstatic.com\/s\/e\/notoemoji\/17.0\/1f60a\/32.png\"><\/p>\n\n\n\n<figure class=\"wp-block-gallery has-nested-images columns-default is-cropped wp-block-gallery-1 is-layout-flex wp-block-gallery-is-layout-flex\"><\/figure>\n\n\n\n<h2 class=\"wp-block-heading\">Coccin&rsquo;o\u00f9<\/h2>\n\n\n\n<p>Temps d&rsquo;accueil hebdomadaire de lecture, jeux et de rencontre pour les parents et leurs enfants en bas \u00e2ge (de 0 \u00e0 4ans), gratuit !<\/p>\n\n\n<div class=\"wp-block-image\">\n<figure class=\"aligncenter size-large is-resized\"><img loading=\"lazy\" decoding=\"async\" width=\"723\" height=\"1024\" src=\"https:\/\/msp-pont-en-royans.fr\/wp-content\/uploads\/2024\/09\/FLYER-coccinou-Pont-2024-2025_page-0001-1-723x1024.jpg\" alt=\"\" class=\"wp-image-594\" style=\"width:607px;height:auto\" srcset=\"https:\/\/msp-pont-en-royans.fr\/wp-content\/uploads\/2024\/09\/FLYER-coccinou-Pont-2024-2025_page-0001-1-723x1024.jpg 723w, https:\/\/msp-pont-en-royans.fr\/wp-content\/uploads\/2024\/09\/FLYER-coccinou-Pont-2024-2025_page-0001-1-212x300.jpg 212w, https:\/\/msp-pont-en-royans.fr\/wp-content\/uploads\/2024\/09\/FLYER-coccinou-Pont-2024-2025_page-0001-1-768x1088.jpg 768w, https:\/\/msp-pont-en-royans.fr\/wp-content\/uploads\/2024\/09\/FLYER-coccinou-Pont-2024-2025_page-0001-1.jpg 875w\" sizes=\"auto, (max-width: 723px) 100vw, 723px\" \/><\/figure>\n<\/div>\n\n<div class=\"wp-block-image\">\n<figure class=\"aligncenter size-large is-resized\"><img loading=\"lazy\" decoding=\"async\" width=\"723\" height=\"1024\" src=\"https:\/\/msp-pont-en-royans.fr\/wp-content\/uploads\/2024\/09\/FLYER-coccinou-Pont-2024-2025_page-0002-723x1024.jpg\" alt=\"\" class=\"wp-image-593\" style=\"width:612px;height:auto\" srcset=\"https:\/\/msp-pont-en-royans.fr\/wp-content\/uploads\/2024\/09\/FLYER-coccinou-Pont-2024-2025_page-0002-723x1024.jpg 723w, https:\/\/msp-pont-en-royans.fr\/wp-content\/uploads\/2024\/09\/FLYER-coccinou-Pont-2024-2025_page-0002-212x300.jpg 212w, https:\/\/msp-pont-en-royans.fr\/wp-content\/uploads\/2024\/09\/FLYER-coccinou-Pont-2024-2025_page-0002-768x1088.jpg 768w, https:\/\/msp-pont-en-royans.fr\/wp-content\/uploads\/2024\/09\/FLYER-coccinou-Pont-2024-2025_page-0002.jpg 875w\" sizes=\"auto, (max-width: 723px) 100vw, 723px\" \/><\/figure>\n<\/div>","protected":false},"excerpt":{"rendered":"<p>&nbsp;S\u00e9ance Cin\u00e9 Relax \u2013 Dimanche 15 mars \u00e0 14h00&nbsp; Nous avons le plaisir de vous informer de la prochaine s\u00e9ance Cin\u00e9 Relax avec la projection du film d\u2019animation&nbsp;\u00ab JUMPERS \u00bb. Les s\u00e9ances Cin\u00e9 Relax sont ouvertes \u00e0 tous et pens\u00e9es pour accueillir des spectateurs dont le handicap peut entra\u00eener des comportements atypiques, dans un cadre [&hellip;]<\/p>\n","protected":false},"author":5,"featured_media":0,"parent":0,"menu_order":0,"comment_status":"closed","ping_status":"closed","template":"","meta":{"om_disable_all_campaigns":false,"_monsterinsights_skip_tracking":false,"_monsterinsights_sitenote_active":false,"_monsterinsights_sitenote_note":"","_monsterinsights_sitenote_category":0,"footnotes":""},"class_list":["post-213","page","type-page","status-publish","czr-hentry"],"aioseo_notices":[],"_links":{"self":[{"href":"https:\/\/msp-pont-en-royans.fr\/index.php\/wp-json\/wp\/v2\/pages\/213","targetHints":{"allow":["GET"]}}],"collection":[{"href":"https:\/\/msp-pont-en-royans.fr\/index.php\/wp-json\/wp\/v2\/pages"}],"about":[{"href":"https:\/\/msp-pont-en-royans.fr\/index.php\/wp-json\/wp\/v2\/types\/page"}],"author":[{"embeddable":true,"href":"https:\/\/msp-pont-en-royans.fr\/index.php\/wp-json\/wp\/v2\/users\/5"}],"replies":[{"embeddable":true,"href":"https:\/\/msp-pont-en-royans.fr\/index.php\/wp-json\/wp\/v2\/comments?post=213"}],"version-history":[{"count":17,"href":"https:\/\/msp-pont-en-royans.fr\/index.php\/wp-json\/wp\/v2\/pages\/213\/revisions"}],"predecessor-version":[{"id":615,"href":"https:\/\/msp-pont-en-royans.fr\/index.php\/wp-json\/wp\/v2\/pages\/213\/revisions\/615"}],"wp:attachment":[{"href":"https:\/\/msp-pont-en-royans.fr\/index.php\/wp-json\/wp\/v2\/media?parent=213"}],"curies":[{"name":"wp","href":"https:\/\/api.w.org\/{rel}","templated":true}]}}