{"id":326,"date":"2023-07-18T13:57:35","date_gmt":"2023-07-18T11:57:35","guid":{"rendered":"https:\/\/msp-pont-en-royans.fr\/?page_id=326"},"modified":"2023-07-18T13:57:36","modified_gmt":"2023-07-18T11:57:36","slug":"point-virgule","status":"publish","type":"page","link":"https:\/\/msp-pont-en-royans.fr\/index.php\/point-virgule\/","title":{"rendered":"Point Virgule"},"content":{"rendered":"\n<p>Point-Virgule est l\u2019un des dispositifs de l\u2019association du Comit\u00e9 Dauphinois d\u2019Action Socio-Educative.<\/p>\n\n\n\n<p>Il s\u2019agit d\u2019un Centre de Soins, d\u2019Accompagnement et de Pr\u00e9vention en Addictologie (CSAPA) qui propose un accueil et un accompagnement pour toute personne concern\u00e9e par une probl\u00e9matique addictive (avec ou sans substance).<\/p>\n\n\n\n<p>Les jeunes de 12 \u00e0 25 ans peuvent \u00eatre re\u00e7us dans le cadre du dispositif Consultations Jeunes Consommateurs (CJC). Les mineurs peuvent venir sans autorisation parentale.<\/p>\n\n\n\n<p>L\u2019entourage peut \u00e9galement \u00eatre re\u00e7u dans un espace de parole diff\u00e9renci\u00e9.<\/p>\n\n\n\n<p>Les consultations \u00e0 la Maison de Sant\u00e9 de Pont-en-Royans ont lieu les mardis apr\u00e8s-midi. Elles sont gratuites, anonymes et confidentielles.<\/p>\n\n\n\n<p>La prise de rendez-vous se fait par t\u00e9l\u00e9phone au 04 76 17 21 21.<\/p>\n","protected":false},"excerpt":{"rendered":"<p>Point-Virgule est l\u2019un des dispositifs de l\u2019association du Comit\u00e9 Dauphinois d\u2019Action Socio-Educative. Il s\u2019agit d\u2019un Centre de Soins, d\u2019Accompagnement et de Pr\u00e9vention en Addictologie (CSAPA) qui propose un accueil et un accompagnement pour toute personne concern\u00e9e par une probl\u00e9matique addictive (avec ou sans substance). Les jeunes de 12 \u00e0 25 ans peuvent \u00eatre re\u00e7us dans [&hellip;]<\/p>\n","protected":false},"author":4,"featured_media":0,"parent":0,"menu_order":0,"comment_status":"closed","ping_status":"closed","template":"","meta":{"om_disable_all_campaigns":false,"_monsterinsights_skip_tracking":false,"_monsterinsights_sitenote_active":false,"_monsterinsights_sitenote_note":"","_monsterinsights_sitenote_category":0,"footnotes":""},"class_list":["post-326","page","type-page","status-publish","czr-hentry"],"aioseo_notices":[],"_links":{"self":[{"href":"https:\/\/msp-pont-en-royans.fr\/index.php\/wp-json\/wp\/v2\/pages\/326","targetHints":{"allow":["GET"]}}],"collection":[{"href":"https:\/\/msp-pont-en-royans.fr\/index.php\/wp-json\/wp\/v2\/pages"}],"about":[{"href":"https:\/\/msp-pont-en-royans.fr\/index.php\/wp-json\/wp\/v2\/types\/page"}],"author":[{"embeddable":true,"href":"https:\/\/msp-pont-en-royans.fr\/index.php\/wp-json\/wp\/v2\/users\/4"}],"replies":[{"embeddable":true,"href":"https:\/\/msp-pont-en-royans.fr\/index.php\/wp-json\/wp\/v2\/comments?post=326"}],"version-history":[{"count":1,"href":"https:\/\/msp-pont-en-royans.fr\/index.php\/wp-json\/wp\/v2\/pages\/326\/revisions"}],"predecessor-version":[{"id":327,"href":"https:\/\/msp-pont-en-royans.fr\/index.php\/wp-json\/wp\/v2\/pages\/326\/revisions\/327"}],"wp:attachment":[{"href":"https:\/\/msp-pont-en-royans.fr\/index.php\/wp-json\/wp\/v2\/media?parent=326"}],"curies":[{"name":"wp","href":"https:\/\/api.w.org\/{rel}","templated":true}]}}